{"id":199,"date":"2024-02-12T13:36:49","date_gmt":"2024-02-12T18:36:49","guid":{"rendered":"https:\/\/tecnovivencias.com.co\/?page_id=199"},"modified":"2024-02-13T08:36:25","modified_gmt":"2024-02-13T13:36:25","slug":"tecnologias-desarrollada-en-la-antigua-grecia","status":"publish","type":"page","link":"https:\/\/tecnovivencias.com.co\/index.php\/tecnologias-desarrollada-en-la-antigua-grecia\/","title":{"rendered":"Tecnolog\u00edas desarrollada en la antigua Grecia"},"content":{"rendered":"\n<p><strong>INDICADOR DE DESEMPE\u00d1O: Identifica innovaciones e inventos trascendentales para la sociedad, ubicando y explicando su contexto hist\u00f3rico, describiendo 8 o m\u00e1s inventos o innovaciones de cada una de las culturas de la antig\u00fcedad China, Romana, egipcia, griega y Precolombina.<\/strong><\/p>\n\n\n\n<figure class=\"wp-block-embed is-type-video is-provider-youtube wp-block-embed-youtube wp-embed-aspect-16-9 wp-has-aspect-ratio\"><div class=\"wp-block-embed__wrapper\">\n<iframe loading=\"lazy\" title=\"Los cient\u00edficos de la antigua Grecia \ud83c\uddec\ud83c\uddf7\" width=\"525\" height=\"295\" src=\"https:\/\/www.youtube.com\/embed\/v2Aywxr9ywU?feature=oembed\" frameborder=\"0\" allow=\"accelerometer; autoplay; clipboard-write; encrypted-media; gyroscope; picture-in-picture; web-share\" referrerpolicy=\"strict-origin-when-cross-origin\" allowfullscreen><\/iframe>\n<\/div><\/figure>\n\n\n\n<figure class=\"wp-block-embed is-type-video is-provider-youtube wp-block-embed-youtube wp-embed-aspect-16-9 wp-has-aspect-ratio\"><div class=\"wp-block-embed__wrapper\">\n<iframe loading=\"lazy\" title=\"15 Inventos Incre\u00edbles de la ANTIGUA GRECIA que Todav\u00eda Usamos Hoy\" width=\"525\" height=\"295\" src=\"https:\/\/www.youtube.com\/embed\/0HxojsMnATo?feature=oembed\" frameborder=\"0\" allow=\"accelerometer; autoplay; clipboard-write; encrypted-media; gyroscope; picture-in-picture; web-share\" referrerpolicy=\"strict-origin-when-cross-origin\" allowfullscreen><\/iframe>\n<\/div><\/figure>\n\n\n\n<figure class=\"wp-block-embed is-type-video is-provider-youtube wp-block-embed-youtube wp-embed-aspect-16-9 wp-has-aspect-ratio\"><div class=\"wp-block-embed__wrapper\">\n<iframe loading=\"lazy\" title=\"La Antigua Grecia - 5 cosas que deber\u00edas saber - Historia para ni\u00f1os - Grecia\" width=\"525\" height=\"295\" src=\"https:\/\/www.youtube.com\/embed\/cknXSvinhJo?feature=oembed\" frameborder=\"0\" allow=\"accelerometer; autoplay; clipboard-write; encrypted-media; gyroscope; picture-in-picture; web-share\" referrerpolicy=\"strict-origin-when-cross-origin\" allowfullscreen><\/iframe>\n<\/div><\/figure>\n\n\n\n<figure class=\"wp-block-embed is-type-video is-provider-youtube wp-block-embed-youtube wp-embed-aspect-16-9 wp-has-aspect-ratio\"><div class=\"wp-block-embed__wrapper\">\n<iframe loading=\"lazy\" title=\"10 Inventos de la Antigua Grecia que Usamos Hoy\" width=\"525\" height=\"295\" src=\"https:\/\/www.youtube.com\/embed\/VG5g5Sba74o?feature=oembed\" frameborder=\"0\" allow=\"accelerometer; autoplay; clipboard-write; encrypted-media; gyroscope; picture-in-picture; web-share\" referrerpolicy=\"strict-origin-when-cross-origin\" allowfullscreen><\/iframe>\n<\/div><\/figure>\n\n\n\n<figure class=\"wp-block-embed is-type-video is-provider-youtube wp-block-embed-youtube wp-embed-aspect-16-9 wp-has-aspect-ratio\"><div class=\"wp-block-embed__wrapper\">\n<iframe loading=\"lazy\" title=\"Inventos m\u00e1s destacados \u25ef\u200d\u25ef\u200d\u25ef\u200d\u25ef\u200d\u25ef de los Griegos \ud83c\uddec\ud83c\uddf7\" width=\"525\" height=\"295\" src=\"https:\/\/www.youtube.com\/embed\/zvwVnCkQmEw?feature=oembed\" frameborder=\"0\" allow=\"accelerometer; autoplay; clipboard-write; encrypted-media; gyroscope; picture-in-picture; web-share\" referrerpolicy=\"strict-origin-when-cross-origin\" allowfullscreen><\/iframe>\n<\/div><\/figure>\n","protected":false},"excerpt":{"rendered":"<p>INDICADOR DE DESEMPE\u00d1O: Identifica innovaciones e inventos trascendentales para la sociedad, ubicando y explicando su contexto hist\u00f3rico, describiendo 8 o m\u00e1s inventos o innovaciones de cada una de las culturas de la antig\u00fcedad China, Romana, egipcia, griega y Precolombina.<\/p>\n","protected":false},"author":1,"featured_media":0,"parent":0,"menu_order":0,"comment_status":"closed","ping_status":"closed","template":"","meta":{"_eb_attr":"","om_disable_all_campaigns":false,"footnotes":""},"class_list":["post-199","page","type-page","status-publish","hentry"],"aioseo_notices":[],"_links":{"self":[{"href":"https:\/\/tecnovivencias.com.co\/index.php\/wp-json\/wp\/v2\/pages\/199","targetHints":{"allow":["GET"]}}],"collection":[{"href":"https:\/\/tecnovivencias.com.co\/index.php\/wp-json\/wp\/v2\/pages"}],"about":[{"href":"https:\/\/tecnovivencias.com.co\/index.php\/wp-json\/wp\/v2\/types\/page"}],"author":[{"embeddable":true,"href":"https:\/\/tecnovivencias.com.co\/index.php\/wp-json\/wp\/v2\/users\/1"}],"replies":[{"embeddable":true,"href":"https:\/\/tecnovivencias.com.co\/index.php\/wp-json\/wp\/v2\/comments?post=199"}],"version-history":[{"count":5,"href":"https:\/\/tecnovivencias.com.co\/index.php\/wp-json\/wp\/v2\/pages\/199\/revisions"}],"predecessor-version":[{"id":283,"href":"https:\/\/tecnovivencias.com.co\/index.php\/wp-json\/wp\/v2\/pages\/199\/revisions\/283"}],"wp:attachment":[{"href":"https:\/\/tecnovivencias.com.co\/index.php\/wp-json\/wp\/v2\/media?parent=199"}],"curies":[{"name":"wp","href":"https:\/\/api.w.org\/{rel}","templated":true}]}}