{"id":201,"date":"2024-02-12T13:37:42","date_gmt":"2024-02-12T18:37:42","guid":{"rendered":"https:\/\/tecnovivencias.com.co\/?page_id=201"},"modified":"2024-03-11T13:18:32","modified_gmt":"2024-03-11T18:18:32","slug":"tecnologias-desarrollada-en-la-america-precolombina","status":"publish","type":"page","link":"https:\/\/tecnovivencias.com.co\/index.php\/tecnologias-desarrollada-en-la-america-precolombina\/","title":{"rendered":"Tecnolog\u00edas desarrollada en la Am\u00e9rica precolombina"},"content":{"rendered":"\n<p><strong>INDICADOR DE DESEMPE\u00d1O: Identifica innovaciones e inventos trascendentales para la sociedad, ubicando y explicando su contexto hist\u00f3rico, describiendo 8 o m\u00e1s inventos o innovaciones de cada una de las culturas de la antig\u00fcedad China, Romana, egipcia, griega y Precolombina.<\/strong><\/p>\n\n\n\n<figure class=\"wp-block-embed is-type-video is-provider-youtube wp-block-embed-youtube wp-embed-aspect-16-9 wp-has-aspect-ratio\"><div class=\"wp-block-embed__wrapper\">\n<iframe loading=\"lazy\" title=\"CULTURAS PRECOLOMBINAS en minutos\" width=\"525\" height=\"295\" src=\"https:\/\/www.youtube.com\/embed\/5fgSQyUkr5Y?feature=oembed\" frameborder=\"0\" allow=\"accelerometer; autoplay; clipboard-write; encrypted-media; gyroscope; picture-in-picture; web-share\" referrerpolicy=\"strict-origin-when-cross-origin\" allowfullscreen><\/iframe>\n<\/div><\/figure>\n\n\n\n<figure class=\"wp-block-embed is-type-video is-provider-youtube wp-block-embed-youtube wp-embed-aspect-16-9 wp-has-aspect-ratio\"><div class=\"wp-block-embed__wrapper\">\n<iframe loading=\"lazy\" title=\"La incre\u00edble ARQUITECTURA INCA y sus construcciones m\u00e1s famosas\" width=\"525\" height=\"295\" src=\"https:\/\/www.youtube.com\/embed\/4GkUY4S5HGA?feature=oembed\" frameborder=\"0\" allow=\"accelerometer; autoplay; clipboard-write; encrypted-media; gyroscope; picture-in-picture; web-share\" referrerpolicy=\"strict-origin-when-cross-origin\" allowfullscreen><\/iframe>\n<\/div><\/figure>\n\n\n\n<figure class=\"wp-block-embed is-type-video is-provider-youtube wp-block-embed-youtube wp-embed-aspect-16-9 wp-has-aspect-ratio\"><div class=\"wp-block-embed__wrapper\">\n<iframe loading=\"lazy\" title=\"Pueblos Precolombinos: Los Mayas, Incas y Aztecas | Videos Educativos Aula365\" width=\"525\" height=\"295\" src=\"https:\/\/www.youtube.com\/embed\/2Vn-B4Hn9z0?feature=oembed\" frameborder=\"0\" allow=\"accelerometer; autoplay; clipboard-write; encrypted-media; gyroscope; picture-in-picture; web-share\" referrerpolicy=\"strict-origin-when-cross-origin\" allowfullscreen><\/iframe>\n<\/div><\/figure>\n","protected":false},"excerpt":{"rendered":"<p>INDICADOR DE DESEMPE\u00d1O: Identifica innovaciones e inventos trascendentales para la sociedad, ubicando y explicando su contexto hist\u00f3rico, describiendo 8 o m\u00e1s inventos o innovaciones de cada una de las culturas de la antig\u00fcedad China, Romana, egipcia, griega y Precolombina.<\/p>\n","protected":false},"author":1,"featured_media":0,"parent":0,"menu_order":0,"comment_status":"closed","ping_status":"closed","template":"","meta":{"_eb_attr":"","om_disable_all_campaigns":false,"footnotes":""},"class_list":["post-201","page","type-page","status-publish","hentry"],"aioseo_notices":[],"_links":{"self":[{"href":"https:\/\/tecnovivencias.com.co\/index.php\/wp-json\/wp\/v2\/pages\/201","targetHints":{"allow":["GET"]}}],"collection":[{"href":"https:\/\/tecnovivencias.com.co\/index.php\/wp-json\/wp\/v2\/pages"}],"about":[{"href":"https:\/\/tecnovivencias.com.co\/index.php\/wp-json\/wp\/v2\/types\/page"}],"author":[{"embeddable":true,"href":"https:\/\/tecnovivencias.com.co\/index.php\/wp-json\/wp\/v2\/users\/1"}],"replies":[{"embeddable":true,"href":"https:\/\/tecnovivencias.com.co\/index.php\/wp-json\/wp\/v2\/comments?post=201"}],"version-history":[{"count":5,"href":"https:\/\/tecnovivencias.com.co\/index.php\/wp-json\/wp\/v2\/pages\/201\/revisions"}],"predecessor-version":[{"id":596,"href":"https:\/\/tecnovivencias.com.co\/index.php\/wp-json\/wp\/v2\/pages\/201\/revisions\/596"}],"wp:attachment":[{"href":"https:\/\/tecnovivencias.com.co\/index.php\/wp-json\/wp\/v2\/media?parent=201"}],"curies":[{"name":"wp","href":"https:\/\/api.w.org\/{rel}","templated":true}]}}