{"id":207,"date":"2024-02-12T13:43:40","date_gmt":"2024-02-12T18:43:40","guid":{"rendered":"https:\/\/tecnovivencias.com.co\/?page_id=207"},"modified":"2024-02-13T08:24:23","modified_gmt":"2024-02-13T13:24:23","slug":"tecnologias-desarrollada-en-el-antiguo-egipto","status":"publish","type":"page","link":"https:\/\/tecnovivencias.com.co\/index.php\/tecnologias-desarrollada-en-el-antiguo-egipto\/","title":{"rendered":"Tecnolog\u00edas desarrollada en el antiguo Egipto"},"content":{"rendered":"\n<p><strong>INDICADOR DE DESEMPE\u00d1O: Identifica innovaciones e inventos trascendentales para la sociedad, ubicando y explicando su contexto hist\u00f3rico, describiendo 8 o m\u00e1s inventos o innovaciones del antiguo Egipto.<\/strong><\/p>\n\n\n\n<figure class=\"wp-block-embed is-type-video is-provider-youtube wp-block-embed-youtube wp-embed-aspect-16-9 wp-has-aspect-ratio\"><div class=\"wp-block-embed__wrapper\">\n<iframe loading=\"lazy\" title=\"18 inventos de los antiguos egipcios que probablemente desconoc\u00edas\" width=\"525\" height=\"295\" src=\"https:\/\/www.youtube.com\/embed\/jdfZXF1A6JA?feature=oembed\" frameborder=\"0\" allow=\"accelerometer; autoplay; clipboard-write; encrypted-media; gyroscope; picture-in-picture; web-share\" referrerpolicy=\"strict-origin-when-cross-origin\" allowfullscreen><\/iframe>\n<\/div><\/figure>\n\n\n\n<figure class=\"wp-block-embed is-type-video is-provider-youtube wp-block-embed-youtube wp-embed-aspect-16-9 wp-has-aspect-ratio\"><div class=\"wp-block-embed__wrapper\">\n<iframe loading=\"lazy\" title=\"Historia del ANTIGUO EGIPTO - Resumen | Origen, Pol\u00edtica, Sociedad, Econom\u00eda, Aportes...\" width=\"525\" height=\"295\" src=\"https:\/\/www.youtube.com\/embed\/2ZgnaPTiQB4?feature=oembed\" frameborder=\"0\" allow=\"accelerometer; autoplay; clipboard-write; encrypted-media; gyroscope; picture-in-picture; web-share\" referrerpolicy=\"strict-origin-when-cross-origin\" allowfullscreen><\/iframe>\n<\/div><\/figure>\n\n\n\n<figure class=\"wp-block-embed is-type-video is-provider-youtube wp-block-embed-youtube wp-embed-aspect-16-9 wp-has-aspect-ratio\"><div class=\"wp-block-embed__wrapper\">\n<iframe loading=\"lazy\" title=\"El Antiguo Egipto en 13 minutos\" width=\"525\" height=\"295\" src=\"https:\/\/www.youtube.com\/embed\/6a_gIpv_XD4?feature=oembed\" frameborder=\"0\" allow=\"accelerometer; autoplay; clipboard-write; encrypted-media; gyroscope; picture-in-picture; web-share\" referrerpolicy=\"strict-origin-when-cross-origin\" allowfullscreen><\/iframe>\n<\/div><\/figure>\n","protected":false},"excerpt":{"rendered":"<p>INDICADOR DE DESEMPE\u00d1O: Identifica innovaciones e inventos trascendentales para la sociedad, ubicando y explicando su contexto hist\u00f3rico, describiendo 8 o m\u00e1s inventos o innovaciones del antiguo Egipto.<\/p>\n","protected":false},"author":1,"featured_media":0,"parent":0,"menu_order":0,"comment_status":"closed","ping_status":"closed","template":"","meta":{"_eb_attr":"","om_disable_all_campaigns":false,"footnotes":""},"class_list":["post-207","page","type-page","status-publish","hentry"],"aioseo_notices":[],"_links":{"self":[{"href":"https:\/\/tecnovivencias.com.co\/index.php\/wp-json\/wp\/v2\/pages\/207","targetHints":{"allow":["GET"]}}],"collection":[{"href":"https:\/\/tecnovivencias.com.co\/index.php\/wp-json\/wp\/v2\/pages"}],"about":[{"href":"https:\/\/tecnovivencias.com.co\/index.php\/wp-json\/wp\/v2\/types\/page"}],"author":[{"embeddable":true,"href":"https:\/\/tecnovivencias.com.co\/index.php\/wp-json\/wp\/v2\/users\/1"}],"replies":[{"embeddable":true,"href":"https:\/\/tecnovivencias.com.co\/index.php\/wp-json\/wp\/v2\/comments?post=207"}],"version-history":[{"count":4,"href":"https:\/\/tecnovivencias.com.co\/index.php\/wp-json\/wp\/v2\/pages\/207\/revisions"}],"predecessor-version":[{"id":276,"href":"https:\/\/tecnovivencias.com.co\/index.php\/wp-json\/wp\/v2\/pages\/207\/revisions\/276"}],"wp:attachment":[{"href":"https:\/\/tecnovivencias.com.co\/index.php\/wp-json\/wp\/v2\/media?parent=207"}],"curies":[{"name":"wp","href":"https:\/\/api.w.org\/{rel}","templated":true}]}}